2 - (-2 - (-3 - -3)) - 2.
2
What is the value of 0 - (3 + (4 - 4)) - 2?
-5
Calculate 3 - -1 - -2 - 4.
2
What is -2 + (2 - 0) + (6 - 4)?
2
What is the value of -3 + -3 + -1 - -4?
-3
Evaluate 1 + -5 - (-7 + 7).
-4
Calculate 1 + 4 + -3 - 4.
-2
Calculate (2 - -5) + 32 + -34 + 2.
7
Evaluate 0 + -7 + 7 - -7.
7
Calculate 6 - (-7 - -4) - (1 + 3).
5
2 - (2 - (0 + -1 - 1))
-2
Calculate ((3 - 3) + 0 - -3) + -6.
-3
What is the value of 9 + -2 + -5 - -4?
6
Evaluate -4 - (-5 - -5) - -2.
-2
Calculate 4 + -4 - (5 - 1 - 11).
7
What is -8 + (6 - 2) + -4?
-8
What is the value of (-13 + 14 - -2) + -6?
-3
Calculate 3 - 1 - (-20 + 28).
-6
What is 3 + -6 + (5 - 5)?
-3
What is 4 + 11 + -17 + 4?
2
What is 1 - (10 - (5 + (-2 - -1)))?
-5
Calculate (-14 - -22) + -5 + 0.
3
Evaluate 8 + (11 - 12 - 10).
-3
Calculate -1 - ((5 - 5) + -3) - 7.
-5
Evaluate -10 + 9 + (-11 - -1) + 4.
-7
Calculate -60 + 61 - (1 - (2 + -2)).
0
Evaluate 4 + (-3 - (6 - 1)).
-4
What is -6 + 11 + (1 - 13 - -2)?
-5
What is the value of -5 - -10 - (2 - 0)?
3
Evaluate -2 - ((-7 - -13) + -3).
-5
What is the value of (1 - (0 + -2)) + 16 + -17?
2
Calculate (4 - 2) + -4 + 5 + 1.
4
Calculate -5 + (-7 + 23 - 6).
5
Calculate 4 - (-3 + -6 + (19 - 4)).
-2
Evaluate (-1 + -4 - -3) + -1.
-3
Evaluate 25 + -24 + 2 + -1.
2
-4 - -4 - (-9 - -11)
-2
What is the value of -6 - ((-1 + 3 - 0) + -5)?
-3
What is the value of (-9 - (1 + -7)) + 4?
1
10 - (-10 - (-24 - -1))
-3
13 + -3 + (-6 - 2)
2
Calculate 2 + (2 - (14 - -1) - -6).
-5
0 - (2 - (-10 - -7))
-5
What is the value of (12 - 5 - 6) + -4?
-3
-3 + (-1 - (-8 - -4) - 2)
-2
Calculate 3 + -2 + 3 + 2 + -10.
-4
What is the value of 3 - (4 - (-1 - 1))?
-3
What is (-6 - 7) + 11 + -1 + 8?
5
What is (-2 - 1) + 5 + 1?
3
Evaluate (-5 - (-9 - -5)) + 4 + -3.
0
What is the value of 8 - 8 - (0 - -3)?
-3
-3 - ((0 - 4) + -1)
2
What is the value of 1 - (6 + -3 + 3 + -1)?
-4
What is the value of 2 + -3 + (6 - 2) + 0?
3
Evaluate 11 + (-4 + (0 - 0) - 1).
6
What is the value of (-5 - (-3 + -1) - -4) + -5?
-2
What is the value of 5 + -5 + -2 + -1?
-3
0 - 1 - -4 - -3
6
Evaluate (3 - 8) + 3 - (1 + 2).
-5
What is the value of 4 - (-3 + 7 - 0)?
0
(-8 - -4) + -1 + 4 - -2
1
What is the value of -2 + -1 - (74 - 70)?
-7
Evaluate (6 + (-5 - -2) - 1) + -7.
-5
Evaluate 1 - (-2 - 5) - 14.
-6
What is -4 - (-4 + 2 + -6)?
4
-13 + (19 - (-5 + 1))
10
What is the value of -3 - (-1 + (-1 - -1) + 0)?
-2
What is 2 + 4 + (-1 - 6)?
-1
Calculate 2 + -2 + -1 + 5.
4
Calculate -2 + (5 + -4 - 0).
-1
What is (-6 - 4 - -6) + (-1 - -2)?
-3
-5 - (-3 - 2 - -5)
-5
Evaluate (5 - 0) + (16 - 27).
-6
What is the value of (-9 - -13 - 0) + (2 - 1)?
5
(-1 + 1 - -5) + 90 + -93
2
13 + -5 + (3 - (-2 + 12))
1
-2 + (-2 - -2 - -5)
3
Calculate -6 - (3 - (6 - 1)).
-4
(1 - 0) + (7 - 15)
-7
-1 - 0 - 1 - (-50 + 47)
1
Calculate 5 + 2 + (-4 - -5) + -2.
6
Evaluate 1 - 1 - 2 - (7 - 4).
-5
What is (-7 - -1) + 5 + 5 + -9?
-5
What is (3 - (-3 + 4 - -2)) + -3?
-3
Calculate 0 + (-1 - 3) + 4.
0
Evaluate 10 - (-13 - (5 - 32)).
-4
What is 0 + 10 + 6 + -4 + -5?
7
-3 + -2 + (1 - 1) + 0
-5
Evaluate (4 + 0 - (2 - 0)) + -1.
1
Calculate 10 - 9 - (-2 - (-2 - -2)).
3
1 - ((3 - (1 - -3)) + 2)
0
Calculate -19 + (2 - -10 - 2).
-9
-1 + 0 - (9 + -7)
-3
31 + -37 - (1 - 2) - -2
-3
What is (-4 - -4) + -6 + 5 + 5?
4
What is the value of 0 + -2 - (-8 + 7)?
-1
Calculate 5 + -4 + -3 + 7 + -7.
-2
What is -8 - -8 - -3 - -2?
5
Calculate -7 + 0 + 7 + -1 + -3.
-4
-1 + -3 + 3 - -2 - 6
-5
What is (-5 - -19 - 1) + -6?
7
What is the value of 4 + -3 - 1 - (-14 + 10)?
4
Evaluate -1 + 0 + -1 + -2 + 5.
1
What is (-3 - 2) + (13 - 8)?
0
Calculate -3 + (-1 - -2) + 10.
8
What is 2 + -5 + (5 - -7)?
9
What is the value of -3 + 6 + 4 + -6 + 4?
5
Evaluate 0 + 6 + -4 + 2.
4
What is the value of 7 + -20 + 6 + 16?
9
Calculate -7 + (-9 - -11) - (-7 - -1).
1
What is 6 + 3 - (4 + -2) - 1?
6
Calculate (-5 - (2 + (-4 - -3))) + 5.
-1
What is 8 + 0 - (0 - -8)?
0
Calculate (17 - 7) + -2 + -5.
3
Evaluate -1 + -3 + 0 + 12 - 3.
5
Evaluate -6 + (16 - 4) + (-10 - 0).
-4
What is 1 + -3 - 0 - (27 + -32)?
3
Evaluate (-2 + 1 - -8) + -3 + -4.
0
What is the value of 1 + (6 - 3) + -6 - 2?
-4
Evaluate (9 - 7 - 1) + 0 - -3.
4
78 + -80 + (-1 - -9)
6
What is -10 - -8 - (1 + -1) - 2?
-4
(-1 + 1 + 0 - -4) + -6
-2
Calculate 1 + -1 - (-1 + -4 + 6).
-1
Calculate 5 + (-6 - -3 - 4 - -7).
5
What is 1 - -7 - (-13 + 17) - 7?
-3
Evaluate (2 - 2) + -2 + 7.
5
Evaluate 3 - (7 - (2 - -3) - 2).
3
Calculate 2 - (0 + 5 + (-5 - -3)).
-1
-6 - (4 - (7 + -4 + 4))
-3
Evaluate (3 - 7) + 3 - 3.
-4
What is the value of 4 + 0 + (0 - 7) + 2?
-1
0 + -3 - (-4 + 4)
-3
What is the value of (-1 - -3) + (-3 - (2 - 3))?
0
What is (-5 - -1 - 5) + 2?
-7
What is the value of -4 - (3 - (1 + 4))?
-2
Evaluate 2 - 13 - (-15 - -12).
-8
Calculate 1 + 0 + 4 + 0.
5
4 - (-2 + 1 - -8)
-3
What is -3 + (-3 + 1 - -10)?
5
What is (-8 - 4 - -16) + 2?
6
7 + 7 + 1 + -9
6
(2 - 2) + -4 + 0
-4
What is -7 + (1 - 2) + -3 + 0?
-11
Calculate 6 - 7 - (-2 + 5 + -4).
0
What is the value of 1 + (3 - 3) - -2?
3
-13 - -13 - (3 + -2)
-1
(1 - -2) + (-7 - -6)
2
Calculate (1 - -12) + (-13 - (9 + -16)).
7
-3 + 5 - (-3 + 2)
3
(-9 - 1) + 10 - 4
-4
What is -1 + (-4 - (-2 + 1) - -6)?
2
What is the value of (-3 - 0) + 1 + 4 - -1?
3
1 + 2 + -3 + (-6 - -4)
-2
What is -1 + 0 + (11 - 8)?
2
Calculate 2 + (-3 - -3 - 1) + -2.
-1
Calculate (-25 - -33) + -15 + 1.
-6
What is -9 - (8 + (10 - 24))?
-3
Evaluate (-1 - 0 - -4) + 2.
5
Calculate (7 - 1 - 1 - 12) + 5.
-2
Calculate 1 + (3 - 3) + -1.
0
4 - (5 + -5 - -3)
1
What is the value of 5 - 1 - (-11 - -11)?
4
What is the value of 2 + 0 + (1 - 4)?
-1
Calculate 0 + (-4 - -2 - -3) - -5.
6
-10 + (12 - -3) - 8
-3
-2 + (0 - (-6 + 4) - 2)
-2
Calculate -7 + (-2 - -7) - -10.
8
What is the value of (3 - (6 + 1 - 4)) + -4?
-4
Evaluate 2 + 6 + -6 + -2.
0
Evaluate -3 - -12 - (9 - 2).
2
Calculate 0 + (2 - -2) + -2 - 7.
-5
What is the value of -8 - (0 - 7 - 6)?
5
What is (18 - (6 + 5)) + -11?
-4
Calculate -1 + -3 + 2 + -4 + 3.
-3
What is the value of -2 - (0 - 0) - -3 - 3?
-2
What is the value of 0 + 1 - (16 + -11)?
-4
What is the value of -3 + -1 + 2 + 0?
-2
What is the value of -1 + -1 + 7 - (3 + -1)?
3
What is the value of 7 - (5 + -3 + 7 + 1)?
-3
What is the value of (-5 - -1) + -11 + 11?
-4
(7 - (4 + 2 - 7)) + -6
2
-6 - 1 - (-1 - 4)
-2
6 + (5 - 11 - 3)
-3
What is (-1 - 4) + (9 - 9 - -3)?
-2
Evaluate -4 - (-2 + -1 - 1) - 5.
-5
Calculate 7 + (7 - (-2 + 15)).
1
5 + 2 + -10 + -3 + 0
-6
What is the value of (3 + -2 - (-1 - -4)) + 2?
0
3 + (2 - (-3 + -1 - -12))
-3
Calculate 0 + 1 - (-8 + 6 + 2).
1
What is the value of 14 + (-2 - -3) + 1 + -8?
8
Evaluate 1 - -2 - (11 - 9).
1
What is the value of 9 - ((-2 - (-5 - -4)) + 8)?
2
What is (-11 + 7 + -2 - -13) + -2?
5
-1 - -6 - (-96 - -101)
0
Calculate 11 + -1 + -4 - 6.
0
What is 6 - 1 - (0 + 13 - 14)?
6
(2 - 5 - 2 - 1) + -2
-8
Calculate 0 + (-3 + 1 - -1) + 5.
4
What is the value of 3 - ((-5 - -1) + 3)?
4
What is -3 - (-7 + 9 + -5)?
0
What is the value of 4 - (-5 + (7 - 2)) - -1?
5
12 + -11 - -6 - 3
4
Evaluate -4 + (-2 - (1 - 5)).
-2
(6 - 7) + 0 + 0
-1
Calculate (8 - 16 - -15) + 0 + -18.
-11
What is (30 - 26) + (-5 - 2)?
-3
What is the value of 7 + (-1 - -2) + 2 + -5?
5
What is the value of 8 + 6 + 2 + -6 + -4?
6
Evaluate -3 + 3 + 0 - (6 + -4).
-2
What is the value of -3 - (7 + -4) - -5?
-1
Calculate -5 + -1 + 2 - (-84 + 82).
-2
Calculate -8 - (5 + -12 + (0 - 7)).
6
What is the value of -9 + (-8 - -5) + 6 - 2?
-8
-20 - (-8 + -4 + -1)
-7
Calculate -1 + (-4 - -10) + -6.
-1
What is the value of -8 + -1 + 9 + 4?
4
-1 + 0 - (8 + -8)
-1
Evaluate 8 + -11 + 0 + -1.
-4
Calculate -13 - (3 + -7 - 0).
-9
What is the value of 42 - 40 - (-3 + 2 + 2)?
1
What is the value of (0 - 0) + (0 - 2 - 3)?
-5
What is -27 + 3 + 4 - -9?
-11
Calculate 9 + (-16 - -10) - 7.
-4
-12 + 3 - (2 + -11)
0
Evaluate -1 + -11 + (22 - 2).
8
Calculate 3 + 1 - (-4 + 12).
-4
Evaluate (-10 + 9 - -6) + -6.
-1
What is the value of 12 + -10 + (-1 + 1 - 3)?
-1
What is the value of -2 - -10 - 3 - (4 + 4)?
-3
(-2 - -1) + (-1 + 0 - 3)
-5
What is -11 + 27 + -10 + 1?
7
Evaluate -5 - (-1 + -3 - -3).
-4
What is the value of (-3 + 5 - -5) + -5?
2
What is the value of -10 - (10 + -5) - -8?
-7
Evaluate (-2 - -4) + -2 - -2.
2
Evaluate -2 + 1 + -2 + 6.
3
(4 + -4 - -5) + -5
0
4 + -1 + (-24 - -25